divisor of 50 and j?
25
Let g = 3 + 0. Suppose g*x - 12 - 9 = 0. Let a = -39 - -74. What is the highest common divisor of x and a?
7
Suppose -3*x + 7*x - 36 = 0. Suppose 2*u + 2*g = 136, -3*g = -u + 14 + 70. Calculate the highest common factor of x and u.
9
Let x(j) = -j**2 - 6*j. Let v be x(-5). Suppose -d - v = -2*d. Suppose -29 - 16 = -d*z. Calculate the highest common divisor of 81 and z.
9
Let w = -32 + 137. Suppose -2 = p - 4, -142 = -5*y + 4*p. Suppose 3*f = y + w. What is the highest common divisor of 5 and f?
5
Suppose 98*z = 99*z - 8. Let y be (-1)/(-3) + (-526)/(-6). Calculate the highest common divisor of z and y.
8
Suppose 306 = 5*q + 6. Let i(x) = -5*x - 3. Let r be 3/(-6)*3*2. Let y be i(r). Calculate the highest common factor of q and y.
12
Let p be 20/8*(-3 - 9). Let n be ((-396)/15)/(9/p). What is the greatest common factor of n and 8?
8
Suppose 4*d + 0*d = 16. Calculate the highest common divisor of d and 6.
2
Let i = -3 + 12. Let g(p) = p**3 - 9*p**2 + 2*p + 9. Let r be g(i). Let n be 141/r - 4/18. Calculate the greatest common divisor of 5 and n.
5
Let d(i) = i + 10. Let m be d(0). Suppose -8*q + 4*q + 36 = 0. Suppose r = x - 14, 2*r + 39 = 4*x - q. What is the greatest common factor of m and x?
10
Let k(f) be the first derivative of -f**2/2 - 1. Let g be k(-5). Suppose -2*a = 3*n - 83, n = -n + 2. What is the greatest common divisor of a and g?
5
Suppose -108 = -3*m + 4*x + 209, x + 5 = 0. Let p(d) = -11*d**3 + d + 1. Let r be p(-1). Calculate the greatest common factor of r and m.
11
Suppose 161 = 4*z - 179. Let y = -57 + z. Calculate the greatest common divisor of y and 14.
14
Let a = 53 + 2. Calculate the greatest common factor of 220 and a.
55
Let z be 8 + (0 - 4) + 5. Let x(q) be the second derivative of q**4/6 - 7*q**3/6 - 3*q**2/2 + q. Let k be x(z). Calculate the highest common factor of 12 and k.
12
Let b be 1*-28*1/(-2). Let d = 23 + -16. Calculate the greatest common factor of b and d.
7
Let h = 15 - 27. Let p = h + 21. Calculate the greatest common divisor of 45 and p.
9
Let d be (-2)/8 + (-9)/(-36). Suppose 3*i + 15 = d, 3*i - 5 = -3*j + 13. Calculate the greatest common factor of j and 77.
11
Let j(w) = 2*w**2 - 4. Let v(c) = -c**2 - 5*c + 4. Let d be v(-5). Let r be j(d). What is the highest common factor of 42 and r?
14
Let v be (-3 - (0 - 4)) + 27. Calculate the greatest common divisor of 112 and v.
28
Suppose -8 + 59 = 3*b. Calculate the highest common divisor of b and 85.
17
Let j = -45 + 63. What is the greatest common factor of 12 and j?
6
Let r = 9 - 3. What is the highest common divisor of 18 and r?
6
Let h(n) = -3*n - 2. Let m be h(-6). Suppose -48 = -4*z - m. Calculate the greatest common factor of 64 and z.
8
Let r be 7/((-147)/(-1146)) - (-28)/(-49). Calculate the highest common factor of 12 and r.
6
Suppose 1 - 5 = -2*p. Let l be (6 - -3)/(1/p). Suppose 2*v - 5*r - 103 = -33, 3*r - 192 = -4*v. Calculate the greatest common divisor of v and l.
9
Suppose 85 = 3*f - 5*h, 0*f = 3*f + 2*h - 71. Let s be (-5 - 0)*(-47 + 2). Calculate the greatest common divisor of f and s.
25
Let v be -2*1/(-2)*29. Suppose f = -5*k + 50, -3*k + 4*k = -4*f + v. Calculate the highest common divisor of k and 9.
9
Let c be 7 - 3/4*4. Let x be (c/(-6))/((-1)/6). What is the greatest common divisor of 6 and x?
2
Let z(a) = a. Let m be z(3). Suppose -j + 17 - 155 = -5*b, m*j = -b + 18. What is the greatest common factor of 18 and b?
9
Let k be (-3 - 0 - -22) + 2. Suppose -4*d + 7 = -k. Let w(q) = -6*q + 4. Let t be w(-4). Calculate the highest common divisor of t and d.
7
Let v be 10/(-4)*(1 - 3). Suppose 4*i + 2*b + 6 = 4*b, 5*b = -v*i + 30. Let w = i + 1. Calculate the greatest common divisor of 2 and w.
2
Let j be (-2 - (1 + 0))/(2 - 3). Calculate the greatest common divisor of 15 and j.
3
Let d(a) = -a**3 - 8*a**2 - 3*a + 4. Let m be d(-8). Calculate the greatest common divisor of m and 7.
7
Suppose 4*v - 12 = -0*v. Let d be (3 - 2)/(v/495). What is the greatest common divisor of 15 and d?
15
Let v = -8 - -8. Let p be 59 - (v + -2 + 1). What is the greatest common factor of 20 and p?
20
Suppose 5*j - 2*k = -21, 3*j + 1 + 5 = -k. Let f be (3 + j)/(-1) - 0. Let d be (f + -3)*1 - -36. What is the highest common factor of d and 22?
11
Suppose s - 3*s = -32. Calculate the greatest common divisor of 4 and s.
4
Let x(o) = o**2. Let w be x(-1). Let v be (485 - -1)*w/2. Calculate the highest common factor of v and 27.
27
Let d(s) = -s - 2. Let m(o) = 3*o + 5. Let h(f) = 17*d(f) + 6*m(f). Let x be h(6). Suppose -q + 8 = -x. Calculate the greatest common divisor of q and 80.
10
Let g = 49 - 35. Suppose -2*z - 5*b + 48 = -13, -80 = -3*z + 4*b. Calculate the greatest common divisor of z and g.
14
Let y = 12 + -6. Let j(b) = -b**2 + 1. Let p be j(1). Suppose -g - 3*g + 16 = p. Calculate the highest common divisor of y and g.
2
Suppose 0 = 4*j - j + 3*u, -u = -3*j - 12. Let x be (-4)/(4/j) + 0. What is the greatest common divisor of 33 and x?
3
Let d(m) = -4*m**3 - 2*m**2 + m. Let p be d(1). Let o be (52/5)/((-2)/p). What is the greatest common divisor of o and 26?
26
Let y = 79 + -76. What is the highest common divisor of 21 and y?
3
Let l(d) = -d + 4. Let o be l(0). Let t be 6/(o/224*6). Calculate the highest common factor of 8 and t.
8
Let o = 3 + 4. Let x = o - 3. Let j(s) = 26*s + 4. Let r be j(x). Calculate the greatest common factor of r and 12.
12
Let g = -5 - -3. Let v be 8 + -6 - 80/g. Calculate the highest common divisor of 6 and v.
6
Suppose -1 = 2*c - 3. Let j be 450/(-27)*(-2 - c). What is the highest common divisor of 10 and j?
10
Let n = 11 + -10. What is the highest common factor of 4 and n?
1
Suppose -360 = -8*d + 4*d. Calculate the greatest common divisor of 10 and d.
10
Let v(q) = -q + 21. Let h be v(11). What is the highest common factor of h and 5?
5
Let c(k) = -k + 11. Let g be c(8). Let l = 29 + g. What is the highest common factor of l and 8?
8
Let t = 14 + 11. What is the highest common divisor of 50 and t?
25
Let v(q) = -q**2 + q + 6. Suppose 3*c = c. Let z be v(c). Let b(r) = -r**2 - 13*r + 6. Let k be b(-10). Calculate the highest common divisor of k and z.
6
Let m be (-2*5/(-20))/((-3)/(-330)). Calculate the highest common factor of m and 5.
5
Let u be 29/((-4)/8*2)*-2. What is the highest common factor of u and 87?
29
Let y = -1 - -3. Suppose 3*l + 4*u + 39 = 0, -3*l + y*u = u + 24. Let w be (-3)/l*0 + 60. What is the greatest common divisor of w and 24?
12
Let g(t) = 31*t - 1. Let m = -1 - -1. Let p be 1 + m/(6/3). Let y be g(p). Calculate the highest common factor of y and 75.
15
Let y = 11 - 73. Let r = y - -110. What is the greatest common factor of r and 6?
6
Let j be 20/(-70) + 172/14. Calculate the greatest common factor of 96 and j.
12
Suppose -f - 10 = -5*n - 69, -3*f + 121 = -n. What is the highest common divisor of f and 351?
39
Let g(w) = -3*w + 9. Let k be g(7). Let s be k/(-18)*(-255)/(-2). What is the highest common factor of 34 and s?
17
Let b(l) = -32*l + 2. Suppose 5*d = 4*d + 3*a + 1, -5*d - 4*a = 14. Let y be b(d). What is the greatest common divisor of y and 6?
6
Let i = 32 + -20. Calculate the highest common factor of i and 12.
12
Let w be 1 + 7 + -1 - 0. Let z = 9 + w. Let x be 52/z + 2/(-8). Calculate the greatest common divisor of x and 27.
3
Let k be (1/(-2))/1*-34. Let x = -274 - -83. Let y = x + 276. What is the greatest common divisor of k and y?
17
Let c be 671/8 - (-6)/48. Calculate the greatest common factor of 12 and c.
12
Suppose -3*v + 35 = 2*v. Suppose -3 + v = 4*l. Let b be -8*((l - 1) + -5). What is the greatest common divisor of b and 10?
10
Suppose 16 = 3*z - 2*f, -5*z - f - 3*f = -34. Let i be 1*(-4)/(z/(-3)). What is the greatest common divisor of 3 and i?
1
Suppose 5*t - 153 = x, -x - 68 = 5*t + 55. Let s = x - -325. What is the greatest common divisor of s and 17?
17
Let d be (-1 + 4)/3 - -1. Suppose 3*z - d*m = -11, 0 = 2*z - 3*m - m + 18. Let y = 2 + z. What is the highest common divisor of 3 and y?
1
Let f = -141 + 261. What is the highest common factor of 45 and f?
15
Let q = -68 - -78. What is the highest common factor of 80 and q?
10
Let t = 81 + -58. Calculate the greatest common factor of t and 23.
23
Suppose 0 = 4*w + 209 - 41. Let r = w + 182. Ca